r of 2 and x.
1
Let i be (-2)/7 - 16/(-7). Let z = i + 19. Calculate the highest common factor of z and 189.
21
Suppose 106*p - 101*p = 95. Calculate the highest common divisor of 342 and p.
19
Let k(y) = -21*y + 2 + 6 - 4. Let l be k(-4). What is the greatest common divisor of 11 and l?
11
Let w = 175 - 136. Calculate the highest common factor of w and 78.
39
Let y be 2/((45/20)/9). What is the highest common divisor of 2 and y?
2
Let n(f) = -f**3 - 2*f**2 - 1. Let o be n(-3). Let c = o + -7. Let p be 3*(c - -7 - 3). Calculate the greatest common divisor of p and 60.
15
Suppose 3*b + b - 33 = 3*a, -4*a + 4 = 0. Calculate the highest common divisor of 153 and b.
9
Suppose 2*i - 3*i = -2*c - 21, -c + 72 = 5*i. What is the highest common factor of 6 and i?
3
Let b = 24 + -24. Suppose 3*g - 3*y = y + 115, b = -4*g + 2*y + 170. What is the highest common divisor of g and 30?
15
Let t(w) = -29*w - 2. Let q be t(-2). Let x be (-2)/(-2)*-1 + 1. Suppose x*r = -2*r + q. What is the greatest common divisor of 42 and r?
14
Suppose 5*w + 2 = -2*x + 39, -2*w - x = -14. Calculate the greatest common divisor of w and 27.
9
Let j(s) = -6*s + 39. Let o be j(-6). What is the greatest common divisor of o and 15?
15
Let u be 208/(-39)*6/4. Let o be ((-12)/u*-2)/(-1). What is the greatest common divisor of 21 and o?
3
Suppose 2*n - 3 = n. Calculate the greatest common divisor of 2 and n.
1
Let r be 24/16 - 6/(-4). Calculate the highest common divisor of 15 and r.
3
Let o = -4 - -8. What is the highest common factor of o and 6?
2
Let h(i) = 2*i - 13. Let w be 2/(-8) - 355/20. Let u be -3*3/(w/22). Let k be h(u). Calculate the highest common divisor of 3 and k.
3
Let l(t) = t**3 - 3*t**2 + 4*t - 4. Let i be l(5). Let h(m) = -m**3 - 3*m**2 + 7*m - 9. Let u be h(-5). What is the highest common factor of i and u?
6
Suppose -2*d = 4*v - 90, -3*d + 114 = -0*v - v. What is the greatest common divisor of 26 and d?
13
Suppose -5*c + 33 = 4*k, c = k - 3*k + 21. Let q(j) = 9*j - 54. Let l be q(18). What is the greatest common factor of k and l?
12
Suppose 0 = -s - 2*s + 6. Let a be (-1 + -1)/s - -81. Calculate the highest common divisor of a and 32.
16
Let g = 51 - 83. Let f be (-13 - 2)*1/1. Let z = f - g. Calculate the highest common factor of 85 and z.
17
Let j = 14 - -82. Suppose -3*h - j = -5*a, -3*h + h = 5*a - 86. What is the highest common divisor of 6 and a?
6
Let v(u) = -u**2 - 2*u. Let a be v(-4). Let r = 1 + a. Let j(f) = f**2 - 8*f - 6. Let p be j(r). What is the highest common factor of 11 and p?
11
Let w(c) = -c**3 + 18*c**2 - 15*c - 25. Let i be w(17). Calculate the highest common divisor of i and 117.
9
Suppose 33 = 3*i - 3*x, 0 = -4*i - 2*x + 4*x + 34. Suppose 3*b - i = -3. Let c = 6 + -3. What is the greatest common factor of c and b?
1
Let m = 16 + -4. Let n(p) = 13*p**2 - 2*p. Let o be n(2). What is the greatest common divisor of o and m?
12
Let b(h) = 32*h + 16. Let f be b(12). Suppose k = -4*m + 332, 4*k = -5*m - k + f. What is the greatest common factor of m and 12?
12
Suppose -3*v - 2*p + 135 = 0, 5*v - 225 = -p - 2*p. What is the greatest common factor of v and 9?
9
Suppose 3*i + f = -0*f + 6, 0 = -i + 3*f + 2. Let v be i*(-3)/(-9)*66. What is the highest common divisor of 11 and v?
11
Let i(m) = m**3 - m**2 - 3*m. Let z be i(3). Let p be 1/(0 - 1) + 64. What is the greatest common divisor of p and z?
9
Let t = 16 + -2. Calculate the greatest common factor of 112 and t.
14
Let v(x) = 7*x**3 - 9*x**2 + 2*x - 5. Let l(d) = d**3 - d**2 + d. Let k(o) = 6*l(o) - v(o). Let u be k(4). What is the highest common factor of u and 5?
5
Let h(q) = -16*q + 2. Let g(c) = 15*c - 3. Let n(w) = 5*g(w) + 4*h(w). Suppose 1 = -y + 6. Let m be n(y). Calculate the greatest common divisor of m and 12.
12
Suppose 0 = -3*u - 0 - 6. Let m be (-14)/(12/(-5) - u). Let j(y) = y**2 - 2. Let r be j(4). What is the greatest common factor of r and m?
7
Let b(j) = 122*j**2 + 5*j + 4. Let o be b(-1). Calculate the highest common factor of o and 11.
11
Suppose 0*i = -5*i. Suppose -9 = 3*w, i*j + w + 3 = 2*j. Suppose d + j*d = 9. Calculate the greatest common factor of d and 27.
9
Let c(b) = -b**3 + 11*b**2 - 2*b - 17. Let f be c(7). What is the greatest common factor of 15 and f?
15
Let p(l) = -l**3 - 9*l**2 + 17*l - 7. Let i be p(-12). Suppose 5*s - 139 - i = 0. What is the greatest common factor of s and 24?
24
Let f be (1 + -10)*10/(-6). What is the highest common divisor of f and 3?
3
Suppose -4*v + 60 = -0*v. Suppose -6*s + 675 = -s. Calculate the greatest common factor of s and v.
15
Suppose -5*a + 10 = s, 0 = 2*a - s - 3*s - 26. Let r = 47 - 38. Let i be (-3 + 57/r)*a. What is the highest common divisor of 30 and i?
10
Let v = 17 + 1. Suppose 2*k + 10 = -5*n - 6, -5*k + 3*n + 22 = 0. What is the highest common factor of k and v?
2
Let m = -6 + 8. Suppose m*g - 4 = -2. Let h be (-1 - -7*g) + 1. Calculate the greatest common divisor of 63 and h.
7
Let d(a) = 2*a - 17. Let g be d(14). Calculate the highest common divisor of 11 and g.
11
Let o be -2 - -20*(-4)/(-4). What is the highest common divisor of o and 162?
18
Suppose 5*l - 130 = 4*t - 25, -5*t = l + 8. Let k = l - 11. What is the greatest common factor of k and 4?
2
Let y(o) = -o - 1. Let m(x) = -13*x**2 - x - 1. Let f be m(-1). Let u be y(f). What is the greatest common factor of u and 84?
12
Suppose -w - w = -4, 4*x + 3*w = 2. Let f be x/2*170/(-5). Let z = f - 5. What is the highest common factor of 30 and z?
6
Suppose -k - 32 = -3*k. Let z be (-1857)/6 + (-2)/4. Let c = z - -438. What is the highest common divisor of c and k?
16
Let y(f) = f**3 + 8*f**2 + 8*f + 6. Suppose -8 = 4*m + 16. Let c be y(m). What is the highest common divisor of 45 and c?
15
Suppose -11 - 5 = -3*l + 2*k, -l + 2*k = -8. Suppose -l*m + 14 = -42. Calculate the greatest common factor of 98 and m.
14
Let j be -5 - -1 - (2 + 2 + -134). What is the greatest common divisor of 18 and j?
18
Suppose -y = 2*h - 0*h - 32, 0 = -5*h + 5*y + 65. Suppose 8*c - 681 = 3*c + 3*p, 266 = 2*c + 2*p. Calculate the highest common factor of c and h.
15
Let w be -2*(-20)/8 - 2. Let b be 2/w - (-275)/15. Calculate the highest common divisor of b and 133.
19
Suppose o - k + 23 = 3*o, -2*o + 4*k + 28 = 0. Calculate the greatest common divisor of o and 36.
12
Let b = 272 - 107. Let y be (-59)/(-4) - (-1)/4. What is the greatest common divisor of y and b?
15
Suppose 2*n + 14 = 66. Calculate the highest common divisor of n and 208.
26
Let z(n) = -4*n - 28. Let m be z(0). Let f = m + 63. Let i = -4 - -11. Calculate the highest common divisor of i and f.
7
Let d = 4 - 1. Suppose 0*i = d*i - 6. Let p = 1 + 1. Calculate the highest common divisor of i and p.
2
Let g(z) = 22*z**2 - 2*z + 1. Let b be g(1). Let n be (-60)/(-35)*b/3. Suppose 9 = -2*v + 33. What is the greatest common divisor of n and v?
12
Suppose -3*v + 0*v = -2*g, 5*g + 23 = -4*v. Let n be (14/8)/(v/(-8)). Calculate the highest common divisor of 7 and n.
7
Let i(t) = 5*t**2 + 2*t. Let m be i(2). Let j(h) = -2*h + 1. Let w be j(-1). Let r = 5 + w. Calculate the greatest common divisor of r and m.
8
Let j be (-70)/20*12/(-14). What is the highest common factor of j and 12?
3
Suppose -r - w + 21 = 4*r, 3*w = -4*r + 19. Suppose 5*m - 28 = 32. What is the highest common factor of m and r?
4
Suppose -1 = -4*l - 3*m, m = -l + 3*m + 3. What is the highest common factor of l and 4?
1
Let d(g) = g**3 + 9*g**2 - 13*g - 7. Let z be d(-10). Calculate the greatest common factor of z and 23.
23
Let l(n) = 2*n + 2 + 0 - 3*n - 3. Let u(w) = w**2 + 6*w - 9. Let d(h) = -3*l(h) + u(h). Let j be d(-10). What is the highest common divisor of 1 and j?
1
Suppose 0*f + 114 = f. Suppose -2*j + f = 30. Suppose -3*s = 5*s - 56. Calculate the highest common divisor of j and s.
7
Suppose 2 - 8 = v - 4*x, -3*v - 2*x = -10. Suppose 3*n + u = 10, 0*n = -v*n - 5*u - 15. Let o = 1 - 0. Calculate the greatest common divisor of n and o.
1
Let r be (33/(-2))/((-4)/8). Calculate the highest common factor of r and 22.
11
Suppose 5*b = 5*g - 300, -3*g + 184 = -b - b. Let q(d) = -46*d - 60. Let n be q(-2). Calculate the highest common divisor of g and n.
32
Suppose -m = 3*u - 265, 0 = -2*m + 6 - 4. Calculate the highest common divisor of 11 and u.
11
L